lculate 93 + (-18 - (-37 - (5 + -11))).
106
What is the value of -3 - -27 - (-5 - (-15 + 30))?
44
What is the value of 5 - (-8 + 4 + 3 - 14 - (-22 + 26))?
24
Calculate 15 - (-122 - (-76 - -4 - -33)).
98
What is (14 - (-1 - 2)) + -16 + -1?
0
(12 - 88 - -95) + 23
42
What is the value of (-12 - -1) + (40 - (-10 + 4))?
35
What is (-184 - -169) + (3 - (4 + -44)) + -4?
24
What is (5 + -58 - -56) + (3 + -1 - -9) + -3?
11
Calculate 78 - (33 + 13 + 16) - (103 - -1).
-88
32 - (-33 + 3 - -20)
42
What is the value of (48 - 76) + 20 + 33 + -39?
-14
Evaluate -593 + 607 - (-20 + -7).
41
(3 - 31) + (-59 - -178 - 8)
83
Calculate (-6 - -6) + 17 + -7 + 97 + -38.
69
What is the value of -22 + (-9 - 9) + 41?
1
What is the value of 117 + 0 - ((-57 - -45) + 10 - (1 - 5))?
115
What is 8 + (-102 - (10 + -39) - (13 - 1))?
-77
What is -145 + 29 + -67 + 79 + -34?
-138
Evaluate 39 + 11 + 19 + 24 + -3 + 16.
106
23 + -3 + ((3 - 13 - -5) + -10 - -11)
16
Calculate ((-20 - 4) + -2 - -8) + 30 - -6.
18
What is -5584 + 5633 + -120 + -1?
-72
Evaluate (0 - 15 - (-44 + 14)) + 4.
19
Evaluate -149 - -152 - (-1 - -8) - (-4 + -1) - 16.
-15
What is 1 - -22 - (17 - 47 - -40)?
13
What is 7 - -4 - (-19 - -11 - (-149 + 1))?
-129
Evaluate 19 + (-1 - -7 - 8) + -54 - -20.
-17
-13 - (10 - 11 - (0 + -11 + 10 - 19))
-32
What is -19 - (7 + -21 + 21) - 19?
-45
Calculate -773 - -793 - (-1 - 1 - 2).
24
(-2 - 1) + (-53 - -63) - (-11 + 6)
12
What is 82 + (-28 + 101 - 65)?
90
What is 0 + 11 - (261 - (305 + -39)) - (-1 + 33)?
-16
What is the value of -114 + 146 + (14 - 32)?
14
10 + -124 + 8 - -13 - ((2 - 7) + 6)
-94
-18 - -4 - (-14 - 1 - (22 - 25))
-2
What is the value of -17 + 5 + 7 + -1 - 17?
-23
What is -25 - (-3 - (-57 + 88))?
9
What is the value of (0 - (3 - 4 - -3)) + (105 - 97)?
6
-13 + 17 - (-55 - -34) - 28
-3
-109 + -9 - (-61 + -2)
-55
Calculate -11 - (-91 + 4 + 9 + -10).
77
What is -19 + (-4 - -63) + 1 + -3 + -2?
36
Calculate -3 + 35 + (-32 - -40) + -7 - 9.
24
(-21 + -71 - -93) + 12
13
Evaluate 0 - 8 - ((-37 - 18) + (30 - 4)).
21
Evaluate -1 + (30 - 7) - (-70 - -118).
-26
(-14 - (26 + -47 + -13)) + 0 + 1
21
Calculate 24 - -71 - 134 - (5 + (-2 - -4)).
-46
What is -2 - -62 - (-2583 - -2642)?
1
-14 - (21 + (22 + -14 - -2) + -1)
-44
What is 7 - (42 + (-22 - -3) - 13) - (1 - 56)?
52
Calculate 64 + -114 + 84 - (110 + -13).
-63
What is the value of 14 - ((37 - 21) + 3) - (0 + 47)?
-52
Calculate -5 + 19 + -35 + (5 - 1 - 0 - 10).
-27
Calculate -81 + -2 - (224 + -122 + -97).
-88
What is the value of -50 + 93 - 33 - -57?
67
What is -53 + 1 - -3 - (306 - 338)?
-17
Evaluate (9 - -5) + 24 - (-35 + 92).
-19
(-64 + 2 - -2) + -2 + -5 + -98 + 112
-53
What is the value of 35 + 19 + 1 + (-56 - -83)?
82
(-4 - (-55 - -53 - (16 + 1))) + -14
1
Evaluate -118 + (24 - -2) + -1 + (1 - -17).
-75
Calculate (-7 - -3) + 1 + (-7 - -68) + -15.
43
Calculate 18 + -5 + 1 - (-3 + 6 - 8).
19
What is -5 + 3 + (42 - 31) + -50?
-41
What is (-39 - -90) + -7 + -141?
-97
1 + -38 - (-5 - -10 - 14 - -5)
-33
What is (1 - 2) + 24 + 12 + -36?
-1
What is 58 + -69 + (17 - -10)?
16
1 + -70 + 0 + (-22 - (-2 - 27))
-62
What is -2 + -1 + 3 + 2 + -184 + 132?
-50
Calculate -14 - (42 - (42 + -34)) - -181.
133
What is the value of (-107 - -51 - 53) + 48?
-61
What is -32 + (-25 - (-20 - 35)) + (-2 - 0 - 8)?
-12
1 - -126 - (-537 - -602)
62
What is the value of -172 - (87 + (-10 - 156))?
-93
What is the value of (23 + -10 - (-71 - -62)) + (-127 - -2)?
-103
Calculate -1 + -12 - (-14 + (2 - (18 + -19)) + 1).
-3
Calculate -1 + -51 + -1 + 0 - (94810 + -94824).
-39
-36 + (21 - 30) + 45
0
Evaluate -5 - ((-46 - -12) + 21).
8
What is -242 + 236 + 2 + 8 + 3 + -11?
-4
What is the value of (1 - -33) + (702 - 748)?
-12
Evaluate -12 - 0 - ((1 - (-39 - -22)) + -62).
32
Calculate 0 + -1 - 115 - (-189 + 224 - (-33 - -62)).
-122
What is -1 + (-3 - -5 - -13 - 13)?
1
Evaluate -105 - -169 - (-25 + -5 + 8).
86
(-3 - -16) + 97 + (-1 - 18) + (-8 - 13)
70
What is (28 + -48 + -11 - -23 - (-3 + 1)) + -46?
-52
Evaluate -51 + (-25 - -50 - 7 - 7).
-40
What is (-63 + 51 - -44) + 14 + (-12 - 0 - 0)?
34
Calculate (5 - (2 + -2)) + (-65 - -1 - -61).
2
-28 - (52 + -52 - 16)
-12
Evaluate 66 + 7 + -109 + 70.
34
Calculate 7 + (-28 - (-57 + -2)) + 31.
69
Calculate 17 - 0 - (-44 - (-84 - 32)).
-55
(84 - 1) + 35066 + -35290
-141
Calculate 6 + (-19 + 6 + 6 + -1 - 10).
-12
Evaluate 26 + -42 + 25 + -3 + -1 + -1.
4
What is (-12 - 0) + -22 + -26 + 14?
-46
What is the value of 1588 + -1705 + -1 + 100?
-18
-367 - -384 - (-21 + -1) - -8
47
What is the value of (82 - 19) + -40 + (-7 - -29)?
45
Calculate (4 - 0) + 17 + (3 - 23).
1
Evaluate 1 - 24 - (-325 - (-605 + 234)).
-69
What is -24 + (0 - -2) + (16 - 37)?
-43
What is the value of 96 - (0 + 0 + (-209 - -124) + 70)?
111
What is the value of (-28 - (2 - -3) - (-25 + 47)) + 21?
-34
What is -14 + 12 + 3 + -23 + 13?
-9
What is the value of -1298 - -1269 - (-18 + 2)?
-13
Evaluate (-17 - (16 + -12 - 27)) + -100 + 3 + -2.
-93
What is (-41 - -33 - (2 + 16)) + 1 + -15?
-40
Calculate -2489 + 2369 - (1 - 125).
4
16 + (-25 - (-11 + -1) - 9) - 1
-7
What is the value of (50 - (44 - (-20 + 38))) + (86 - 2)?
108
Calculate (-55 - (21 - 35)) + (-10 - -16).
-35
Evaluate -230 - ((-190 - -30) + 44).
-114
What is 616 + -654 - (-9 + -4)?
-25
Evaluate (-58 + -9 + -2 - (-6 - (1 - 4))) + 8.
-58
Calculate 12 - -4 - (-1 - -7) - (5 + (18 - 11)).
-2
What is -33 + -13 + (-1029 - -999)?
-76
Evaluate -20 - (-33 - -6) - (0 + 17) - 52.
-62
What is the value of (-21908 - -21935) + 0 + 0 + 21?
48
Evaluate 34 - (109 + -40 - 28).
-7
Evaluate 11 - (14 - 59) - 52.
4
Calculate (0 - -65) + (6 - 0 - (-37 + 49)).
59
Calculate 50 - (-53 + (27 - -17)).
59
76 - (-178 + 69 + 76)
109
(4 - (-21 - -19)) + 2 + -57 + -2 + 6
-45
1 + 33 + -1954 + 1849
-71
What is the value of -11 + (0 + 2 - (-38 - -10)) - (-13 + 5)?
27
What is the value of 1468 - 1531 - (1 + -3)?
-61
What is 47 - -8 - (10 - 9 - -18)?
36
What is the value of (-49 - (-34 - 13)) + 82?
80
Calculate -1 + -30 - (52 - (49 - 10)) - -8.
-36
1394 + -1406 - ((-10 - 88) + (-2 - -1))
87
What is the value of (24 - 8) + -10 + (7 - 9) - (-1 - -2)?
3
Evaluate (0 + (0 - -5) - (-98 - -41 - -125)) + 10.
-53
Calculate (4 - (20 + -15 + -10 + -4 + 4)) + -43.
-34
What is the value of 28 + -2 - (3639 - 3684)?
71
What is 1 + -28 + 623 + -557 - (0 - 5)?
44
What is the value of (2 - 53) + (32 - 117 - -122)?
-14
Evaluate (16 - 5 - -3 - 23) + -1 + 14.
4
What is -18 - (12 - 60) - 12?
18
What is (-109 - -100) + 20 - (2 - (0 + 41))?
50
(-21 - -75) + (385 - 346)
93
24 + (-2 - -16) - ((-15 - (4 + 9)) + 14)
52
What is the value of -22 - (-32 - -51 - (-3 - -16))?
-28
(0 - (-38 + 32 - (1 - 7))) + (-1 - 65)
-66
What is (-27 - ((-28 - 17) + 24)) + 19?
13
Evaluate -6 + 12 - ((6 + -5 - -4 - 8) + -42).
51
(-17 - (-3 + (1 - 47) + 15)) + -54
-37
Evaluate -4 - ((17 - 0) + 7 + 14 + -8).
-34
Evaluate (-34 - -22) + -11 + 5 + -5.
-23
What is (2 - 31) + (-14 - -33) + 83?
73
What is the value of 29 - 81 - (16 + -2)?
-66
0 + (-12 - 1) - (-7 + (-104 - -63))
35
What is (-18 + -12 - -42) + -33?
-21
What is the value of 3 - (-82 + 18) - 10 - (13 + 4)?
40
What is the value of 10 - ((-98 - -6) + 9 + (-6 - -9 - -8))?
82
-77 + -72 + 77 + 61
-11
What is the value of -96 - (-22 + 9) - (-246 + 282)?
-119
33 + -45 + (23 - (-5 - -1 - (22 + -25)))
12
Calculate -7 + (8 - (28 - 31)) + -35.
-31
Evaluate 42 + -5 + 43 + -41.
39
What is (20 - 0) + -1045 + 1067 + (1 - -1) + -23?
21
Calculate -40 + 75 + -7 + -50.
-22
What is 17 + 51 + -27 + -6?
35
What is -5 - -48 - 1 - (0 + -2 - (-2 + -4))?
38
What is the value of (80 - 68) + -43 + 106?
75
Calculate (-218 - -245) + 79 + -2 + 5.
109
What is the value of 67 + (-36 - (-103 + 59))?
75
-85 + (17 - (-3 - ((-13 - -6) + -1)))
-73
What is the value of -5 + -2 + (-1 - (-3 - -3) - (6 - 16))?
2
-3 + (-3 - 65) + (-118 - -268 - 143)
-64
Calculate 0 + 101 + (21 - (-10 - 1 - -53) - -11).
91
Evaluate -9 + (64 - 9) - -12.
58
What is the value of -88 + 1 + -1 + -33964 + 33993?
-59
Calculate 14 + 10 + (9 + 10 - -2) - (3 + 0).
42
Calculate 2 - ((-1 - (74 + -12)) + 2 - -8).
55
Calculate 35 + -26 + -62 - (1 - 21).
-33
(-35 - -29) + 0 + -122 + -32 + 46
-114
9 - -9 - 2 - (34 - 23)
5
What is -3 + (8 - (1 - -1)) - (28 + (-5 - -11))?
-31
What is the value of 13 - 4 - ((7 + -5 - -22) + 2)